0.
186
What is the remainder when 2129 is divided by 684?
77
What is the remainder when 2097020 is divided by 7?
2
Calculate the remainder when 41261 is divided by 20612.
37
What is the remainder when 1401779 is divided by 610?
609
What is the remainder when 140662 is divided by 35?
32
Calculate the remainder when 8050 is divided by 1208.
802
Calculate the remainder when 4484 is divided by 44.
40
Calculate the remainder when 15532 is divided by 1193.
23
Calculate the remainder when 25469 is divided by 4242.
17
Calculate the remainder when 146 is divided by 48.
2
Calculate the remainder when 303564 is divided by 4102.
16
Calculate the remainder when 4008 is divided by 768.
168
Calculate the remainder when 81924 is divided by 129.
9
What is the remainder when 82354 is divided by 3293?
29
Calculate the remainder when 1711941 is divided by 806.
803
Calculate the remainder when 14899 is divided by 89.
36
Calculate the remainder when 479809 is divided by 136.
1
What is the remainder when 3314 is divided by 123?
116
Calculate the remainder when 10513 is divided by 202.
9
What is the remainder when 646956 is divided by 13?
11
Calculate the remainder when 52090 is divided by 26032.
26
Calculate the remainder when 4412 is divided by 27.
11
What is the remainder when 1764 is divided by 438?
12
Calculate the remainder when 12640 is divided by 78.
4
What is the remainder when 6527 is divided by 384?
383
Calculate the remainder when 2962 is divided by 246.
10
What is the remainder when 746096 is divided by 300?
296
Calculate the remainder when 2907 is divided by 100.
7
Calculate the remainder when 12328857 is divided by 265.
262
Calculate the remainder when 45271 is divided by 178.
59
What is the remainder when 772975 is divided by 35135?
5
What is the remainder when 3599 is divided by 32?
15
What is the remainder when 472253 is divided by 118062?
5
Calculate the remainder when 87733 is divided by 155.
3
Calculate the remainder when 19806 is divided by 283.
279
Calculate the remainder when 25075 is divided by 56.
43
Calculate the remainder when 21567 is divided by 5.
2
Calculate the remainder when 545 is divided by 114.
89
Calculate the remainder when 130519 is divided by 104.
103
What is the remainder when 58801 is divided by 516?
493
What is the remainder when 1404 is divided by 1032?
372
Calculate the remainder when 75324 is divided by 357.
354
Calculate the remainder when 92994 is divided by 46497.
0
Calculate the remainder when 291 is divided by 214.
77
Calculate the remainder when 352246 is divided by 352243.
3
What is the remainder when 8667 is divided by 1180?
407
Calculate the remainder when 39978 is divided by 21.
15
Calculate the remainder when 251844 is divided by 35.
19
What is the remainder when 576 is divided by 549?
27
What is the remainder when 123167 is divided by 13678?
65
What is the remainder when 27175 is divided by 316?
315
What is the remainder when 62343 is divided by 193?
4
Calculate the remainder when 34966 is divided by 142.
34
What is the remainder when 38848 is divided by 555?
553
What is the remainder when 3729 is divided by 299?
141
What is the remainder when 4938 is divided by 118?
100
What is the remainder when 3616 is divided by 6?
4
Calculate the remainder when 123150 is divided by 172.
170
What is the remainder when 20926 is divided by 173?
166
Calculate the remainder when 2631 is divided by 45.
21
What is the remainder when 49216 is divided by 259?
6
Calculate the remainder when 1262 is divided by 155.
22
Calculate the remainder when 51378 is divided by 724.
698
What is the remainder when 153652 is divided by 73?
60
What is the remainder when 705991 is divided by 109?
107
Calculate the remainder when 2611 is divided by 125.
111
Calculate the remainder when 3299 is divided by 224.
163
Calculate the remainder when 732 is divided by 207.
111
What is the remainder when 17977 is divided by 17945?
32
Calculate the remainder when 34092 is divided by 144.
108
Calculate the remainder when 1258 is divided by 319.
301
Calculate the remainder when 1197335 is divided by 29203.
12
Calculate the remainder when 33253 is divided by 16591.
71
What is the remainder when 93745 is divided by 46830?
85
Calculate the remainder when 370868 is divided by 20.
8
What is the remainder when 71794 is divided by 14?
2
What is the remainder when 26144 is divided by 55?
19
Calculate the remainder when 317423 is divided by 105806.
5
What is the remainder when 78904 is divided by 333?
316
What is the remainder when 8837 is divided by 3156?
2525
Calculate the remainder when 39899 is divided by 13288.
35
Calculate the remainder when 28554 is divided by 1673.
113
Calculate the remainder when 13315 is divided by 22.
5
What is the remainder when 52896 is divided by 195?
51
Calculate the remainder when 367562 is divided by 86.
84
Calculate the remainder when 42214 is divided by 6.
4
What is the remainder when 20576 is divided by 264?
248
Calculate the remainder when 128121 is divided by 21.
0
What is the remainder when 48639 is divided by 1244?
123
Calculate the remainder when 1620 is divided by 693.
234
Calculate the remainder when 47606 is divided by 1013.
1008
What is the remainder when 8187 is divided by 315?
312
Calculate the remainder when 11435 is divided by 15.
5
What is the remainder when 557 is divided by 123?
65
Calculate the remainder when 18604 is divided by 6141.
181
What is the remainder when 2261 is divided by 58?
57
Calculate the remainder when 3631 is divided by 609.
586
What is the remainder when 41083 is divided by 249?
247
Calculate the remainder when 10642 is divided by 3382.
496
Calculate the remainder when 5443 is divided by 1732.
247
What is the remainder when 3555 is divided by 118?
15
What is the remainder when 1952 is divided by 494?
470
Calculate the remainder when 31987 is divided by 14.
11
What is the remainder when 262854 is divided by 9735?
9
Calculate the remainder when 1212 is divided by 367.
111
Calculate the remainder when 5336 is divided by 5.
1
What is the remainder when 215669 is divided by 790?
789
Calculate the remainder when 5657 is divided by 1882.
11
Calculate the remainder when 120342 is divided by 29.
21
What is the remainder when 42835 is divided by 6119?
2
Calculate the remainder when 2186 is divided by 410.
136
What is the remainder when 250989 is divided by 252?
249
Calculate the remainder when 1268633 is divided by 58.
57
What is the remainder when 5401 is divided by 198?
55
What is the remainder when 422626 is divided by 19?
9
What is the remainder when 2190769 is divided by 1618?
1615
Calculate the remainder when 4561 is divided by 789.
616
What is the remainder when 2790448 is divided by 15?
13
What is the remainder when 51917 is divided by 1207?
16
Calculate the remainder when 23666 is divided by 88.
82
Calculate the remainder when 2573 is divided by 819.
116
What is the remainder when 377644 is divided by 3433?
14
What is the remainder when 87724 is divided by 283?
277
What is the remainder when 7141 is divided by 244?
65
Calculate the remainder when 165365 is divided by 1464.
1397
Calculate the remainder when 5596 is divided by 5560.
36
Calculate the remainder when 634090 is divided by 17.
7
What is the remainder when 7159 is divided by 3549?
61
Calculate the remainder when 404503 is divided by 267.
265
What is the remainder when 165114 is divided by 344?
338
What is the remainder when 16703 is divided by 105?
8
What is the remainder when 1472 is divided by 356?
48
What is the remainder when 9327 is divided by 1297?
248
Calculate the remainder when 477550 is divided by 997.
984
What is the remainder when 4354 is divided by 1190?
784
What is the remainder when 391779 is divided by 17?
14
What is the remainder when 201765 is divided by 7?
4
What is the remainder when 6988 is divided by 133?
72
Calculate the remainder when 999 is divided by 492.
15
What is the remainder when 38421 is divided by 46?
11
What is the remainder when 131224 is divided by 6?
4
Calculate the remainder when 3681 is divided by 873.
189
What is the remainder when 2082 is divided by 1014?
54
What is the remainder when 59010 is divided by 37?
32
What is the remainder when 341694 is divided by 14237?
6
Calculate the remainder when 